 2*p**3/3 - 2*p**2 + 9*p - 985. List the prime factors of x(c).
3, 19
Suppose -2*a + 7080 = 2*r, -2*r = 4*a - 1324 - 12838. List the prime factors of a.
3541
Let v be (-23208)/(-32)*4/(-6)*-2. Suppose 7*z - 92 = -v. Let j = -88 - z. List the prime factors of j.
37
Let z = -38263 + 54856. What are the prime factors of z?
3, 5531
Suppose -1928*p = -1941*p + 139451. What are the prime factors of p?
17, 631
Suppose -5*u + 10422 = 2*i - i, u = -2*i + 20826. Suppose 38*q - 19380 = i. What are the prime factors of q?
2, 7
What are the prime factors of (44906 - (-5 + 9)) + -4?
2, 3, 7, 1069
Suppose -45288 = -131*f + 113*f. Let i = f + -1364. List the prime factors of i.
2, 3
Let t(l) = 143*l**2 - 7*l - 27. Let a be t(-4). Suppose 0 = -10*v + 1701 + a. List the prime factors of v.
3, 7, 19
Let z be (-72)/(-54)*(1 - 4). Let t be 1 - (z + 4 - 3). What are the prime factors of (-14)/t*(-972)/63?
2, 3
Let c(w) = 2*w**3 + 7*w**2 + 2*w + 1. Let a be c(-3). Suppose -768 = 2*k + a*k. What are the prime factors of 2/(-6) + k*(-6)/9?
5, 17
Let c = 28814 - 7416. List the prime factors of c.
2, 13, 823
Let p = -133 + 138. Suppose 0 = -p*d - 5*q + 990, 4*d - 5*d + 204 = -5*q. What are the prime factors of d?
199
Let n be 2 + (1 - 1)/(7 + -5). Suppose n*a + 4 = 5*g, -5*g + a = -7 - 0. Suppose -j + 44 = -4*v, 1 = -3*j + g*v + 183. What are the prime factors of j?
2
Let z(g) = -11*g**3 - 2*g**2 + 1. Let a be z(-1). Suppose a = 9*w - 26. Suppose w*s = 574 - 34. What are the prime factors of s?
3, 5
Let q = -5926 + 8420. Let t = q - 780. What are the prime factors of t?
2, 857
Let u(w) = -w**3 + 2*w. Let y be u(-2). Suppose -y*o = 2*m + 246, 3*m - o + 456 = -m. Let r = m + 270. List the prime factors of r.
5, 31
Suppose -5713 + 29979 = 11*a. What are the prime factors of a?
2, 1103
Let z(g) = -3*g + 18. Let n be (8 + 310/(-30))/(1/3). List the prime factors of z(n).
3, 13
Let k(d) = -2*d**3 + 11*d**2 - 13*d - 27. Let y(b) = 4*b**3 - 22*b**2 + 27*b + 56. Let c(z) = -13*k(z) - 6*y(z). What are the prime factors of c(8)?
17, 23
Suppose -5*m - 65 = -3*s + 456, -5*s = 3*m - 891. Let q = -125 + s. List the prime factors of -3 + 5 + 3 + q.
3, 19
Let k(c) = -60*c**3 + 14*c**2 + 50*c + 72. What are the prime factors of k(-7)?
2, 3, 11, 53
Let h(r) = -r**2 + 3*r + 119. Let k(c) = -c**2 + 3*c + 3. Let b be k(4). Let g be 2 + -3 + b + 2. List the prime factors of h(g).
7, 17
Suppose -2*y - 8 = 0, r - y - 1 = 2*y. Let q be (r/4)/((-1)/12). List the prime factors of (-44)/3*q/(-11).
2, 11
Let q be 1203*(30/(-18) - -2). Let i = 1937 - q. List the prime factors of i.
2, 3
Suppose 17*a = 21*a - 15068. Let t = a - 2518. What are the prime factors of t?
1249
List the prime factors of (-2)/3*(-55 - 6410).
2, 5, 431
Let k(z) = -2*z**3 - 5*z + 4145. List the prime factors of k(0).
5, 829
Suppose -41920 = -8*i + 6*i + 13*y, -4*i + 83744 = -2*y. What are the prime factors of i?
2, 3, 1163
Let b(h) = -3*h - 1. Let m be b(-1). Suppose 0 = m*u - 2*q - 2846, 0*u + 2*u + 4*q - 2828 = 0. List the prime factors of u.
2, 5, 71
Let n = -15853 + 26424. List the prime factors of n.
11, 31
Suppose 4*l - 5568 = -5*a - 22, 4*l + a = 5538. Let x = l - 483. List the prime factors of x.
17, 53
Let r(q) = q**2 + 4*q - 1. Let o be r(-13). Let x = -154 - o. Let a = 473 + x. What are the prime factors of a?
7, 29
Let s(q) = 31*q - 8*q**2 + 2*q**2 + 2*q**3 - 5*q**2 - 7 - 3. List the prime factors of s(8).
2, 3, 31
Let g(p) = p**2 + 5*p - 6. Let d be g(-5). Let j(l) be the first derivative of -l**4/4 - 2*l**3 - 5*l**2 + 13*l - 109. What are the prime factors of j(d)?
73
Let j be 120 + (1 - 0 - 1). Suppose -7238 = 109*x - j*x. What are the prime factors of x?
2, 7, 47
Suppose -5*p + 10386 = 2*w, 0 = 2*p + 3*w - 2310 - 1851. What are the prime factors of p?
2, 3, 173
Let d(c) = 205*c**2 - 231*c + 2986. List the prime factors of d(12).
2, 14867
What are the prime factors of 156*(3 - 2)*1*(-831)/(-6)?
2, 3, 13, 277
Let i = -7868 + 9948. List the prime factors of i.
2, 5, 13
Suppose -297*t + 301*t - 28 = 0. Suppose -2367 = -t*w + 4*w. Suppose 0 = 4*r + 4*v - 780, 4*r - w = 7*v - 2*v. List the prime factors of r.
2, 7
Suppose 71 = 5*i + 4*k, -22*i + 17*i = 3*k - 72. Let o(s) = -s**3 + 17*s**2 - 16*s + 9. List the prime factors of o(i).
3, 73
Suppose 19*m + 10 = 17*m, -34103 = -b - m. What are the prime factors of b?
2, 8527
Let q be (-60)/(-18)*(-48)/(-20). Let j(n) = 14*n + q - 12 - 31 - 7. List the prime factors of j(15).
2, 3, 7
Suppose 0 = -49*v - 302*v + 8356959. List the prime factors of v.
29, 821
Suppose 1 = -5*l + 4*s, l - 4*s + 6*s = 11. Suppose 0 = b + l*f - 701, -19*b - 2804 = -23*b + f. What are the prime factors of b?
701
Let s(z) = -z**2 + 23*z - 100. Let p be s(8). What are the prime factors of (-12)/p*(-12810)/(11 + -5)?
3, 7, 61
Suppose -1156*l + 11652 = -1153*l. List the prime factors of l.
2, 971
Let w be ((-12)/30)/((-1)/(-10)). Let z be w/20 - (-34)/(-5). Let j = 89 + z. What are the prime factors of j?
2, 41
Let k(f) = 204*f**2 - 665*f - 28. List the prime factors of k(16).
2, 3, 3463
Suppose 0 = -x + 3*o + 235, 9*x - 4*x = -5*o + 1195. Let m = 31 + x. List the prime factors of m.
269
Let h = 361 + -359. Suppose 4*w + 3*d - 4*d - 2540 = 0, -h*w + 1248 = 5*d. What are the prime factors of w?
2, 317
Let w = 88185 + -45237. List the prime factors of w.
2, 3, 1193
List the prime factors of 11*(112/(-14) - -717).
11, 709
Suppose -13296 = 9*i - 62553. Let g = i + -3598. List the prime factors of g.
3, 5
Suppose -52 = -23*h + 21*h. Let u = h - 24. Suppose u*j + 0*j = -8, 4*o = -5*j + 100. What are the prime factors of o?
2, 3, 5
Let a be ((-2916)/(-135))/(1/((-40)/(-6))). Suppose -a*v = -139*v - 1300. What are the prime factors of v?
2, 5, 13
Suppose 161*f = 198*f + 83951 - 905314. What are the prime factors of f?
79, 281
Suppose 81*g = 86*g - 5*v - 17660, -g + 2*v = -3528. List the prime factors of g.
2, 13, 17
Let a = 342 - 337. Suppose -5*n + 579 + 359 = 3*v, -n = -a*v - 210. List the prime factors of n.
2, 5, 19
Let c(o) = 357*o - 3. Let f be c(1). Let p = f + 102. Suppose p - 24 = 8*x. List the prime factors of x.
2, 3
Let z = -26543 - -61737. List the prime factors of z.
2, 17597
Suppose 38*z - 37*z - 3*x - 19715 = 0, 0 = 2*z - 5*x - 39427. List the prime factors of z.
2, 59, 167
Let f = 216 + -223. What are the prime factors of 2 + f + -3 + 331 + 2?
5, 13
Suppose 3*p + 57 = -3*g, 0 = 4*g - 5 + 1. Let i = p - -36. List the prime factors of 2/(i/6)*4.
3
Let a be 24/(-16)*(-122)/3. Let v = 319 + a. List the prime factors of v.
2, 5, 19
Let t(s) = -2*s**3 + 7*s**2 + 6*s - 10. Let d be t(9). Let f = d - -1683. Suppose f = 38*q - 34*q. What are the prime factors of q?
11, 19
Let z(a) be the third derivative of a**6/120 - a**5/60 + a**4/12 + 2*a**3/3 + 6*a**2. Let f be z(0). What are the prime factors of f*3/36*249?
83
Let a be ((-12)/30)/(1/(-430)). Suppose 0 = -2*h + a + 32. Suppose 3*i = i + h. What are the prime factors of i?
3, 17
Let d(y) = -200*y + 433. What are the prime factors of d(-21)?
41, 113
Let r = 142 + -47. Suppose -2429 = -r*k + 88*k. List the prime factors of k.
347
Suppose 5*l - 5*b + 25 = 0, -4*l + 3*b = 17 - 0. List the prime factors of (-6)/l - 23/(253/(-7898)).
7, 103
Let v be (-17 - (-6)/6)/(2/(-2)). Let f be (-4)/(v/6) + (-63)/(-18). Let s(g) = 5*g**3 + 5*g - 12. What are the prime factors of s(f)?
2, 19
Let a = 51177 + -6322. List the prime factors of a.
5, 8971
Let c(b) = -24*b**3 - 47 + 14*b**3 - 15*b + 9*b**3 + 20*b**2. Let u be c(19). Let y = 44 + u. What are the prime factors of y?
73
Suppose 0*s = -f - 3*s + 6, -4*f - 2*s = -4. Suppose f = -339*x + 341*x - 16. List the prime factors of x.
2
Let u = -1890119 - -1043759. What are the prime factors of u/(-1260) + (0 - (-4)/14)?
2, 3, 7
Let x(o) = 2*o. Let v be x(1). Suppose -v*d = -m + 8, -m - 4*m + 3*d + 19 = 0. List the prime factors of m.
2
Suppose -2*d + 4 = -8. Suppose -11*z = -d*z - 10. Let r(l) = 15*l**2 - 9*l + 12. List the prime factors of r(z).
2, 3
Suppose -a + 238 + 144 = -4*u, -1480 = -4*a + 4*u. Let n be (-3)/(-6) + (-511)/2. Let o = n + a. What are the prime factors of o?
3, 37
Suppose -2*j + 5*i + 54820 = 0, -2*i - 44876 = -2*j + 9944. List the prime factors of j.
2, 5, 2741
Let o = 11833 + 8872. What are 